{"id":14375,"date":"2025-02-10T17:34:38","date_gmt":"2025-02-10T20:34:38","guid":{"rendered":"https:\/\/www.bauru.usp.br\/?page_id=14375"},"modified":"2025-09-19T10:52:12","modified_gmt":"2025-09-19T13:52:12","slug":"portarias-fob-2025","status":"publish","type":"page","link":"https:\/\/www.bauru.usp.br\/?page_id=14375","title":{"rendered":"Portarias FOB &#8211; 2025"},"content":{"rendered":"<p><a href=\"http:\/\/www.bauru.usp.br\/wp-content\/uploads\/Portaria_GD_42-2025_CEPAR-Coordenacao.pdf\" target=\"_blank\" rel=\"noopener\">Portaria GD\/042-2025 &#8211; FOB\/USP &#8211; 19 de setembro de 2025<\/a><\/p>\n<p>Disp\u00f5e sobre a designa\u00e7\u00e3o do(a) Coordenador(a) e do(a) Vice-Coordenador(a) do Centro de Ensino, Pesquisa, Assist\u00eancia e Reabilita\u00e7\u00e3o em Fonoaudiologia, do Departamento de Fonoaudiologia da Faculdade de Odontologia de Bauru da Universidade de S\u00e3o Paulo.<\/p>\n<hr class=\"wp-block-separator\" \/>\n<p><a href=\"http:\/\/www.bauru.usp.br\/wp-content\/uploads\/Portaria_GD_41-2025_CEPAR-Criacao_e_Regimento.pdf\" target=\"_blank\" rel=\"noopener\">Portaria GD\/041-2025 &#8211; FOB\/USP &#8211; 19 de setembro de 2025<\/a><\/p>\n<p>Cria o Centro de Ensino, Pesquisa, Assist\u00eancia e Reabilita\u00e7\u00e3o em Fonoaudiologia (CEPAR-FONOAUDIOLOGIA) e baixa seu Regimento.<\/p>\n<hr class=\"wp-block-separator\" \/>\n<p><a href=\"http:\/\/www.bauru.usp.br\/wp-content\/uploads\/Portaria_GD_40_2025_FOB.pdf\" target=\"_blank\" rel=\"noopener\">Portaria GD\/040-2025 &#8211; FOB\/USP &#8211; 09 de setembro de 2025<\/a><\/p>\n<p>Disp\u00f5e sobre a designa\u00e7\u00e3o dos &#8220;Gestores e Fiscais do Contrato&#8221; tratada no Artigo 13\u00ba da Portaria GR n\u00ba 8368\/2024, no \u00e2mbito da FACULDADE DE ODONTOLOGIA DE BAURU &#8211; USP.<\/p>\n<hr class=\"wp-block-separator\" \/>\n<p><a href=\"http:\/\/www.bauru.usp.br\/wp-content\/uploads\/Portaria_FOB_025-2025-Portaria-Centro_Cuidar.pdf\" target=\"_blank\" rel=\"noopener\">Portaria GD\/025-2025 &#8211; FOB\/USP &#8211; 09 de junho de 2025<\/a><\/p>\n<p>Regimento do Centro Cuidar: Centro Integrado de Cuidado \u00e0 Sa\u00fade Mental e Promo\u00e7\u00e3o de Bem-Viver Acad\u00eamico da USP Bauru.<\/p>\n<hr class=\"wp-block-separator\" \/>\n<p><a href=\"http:\/\/www.bauru.usp.br\/wp-content\/uploads\/Portaria_FOB_026-2025_Comissao_de_Biosseguranca_-_altera_a_portaria_005-2025.pdf\" target=\"_blank\" rel=\"noopener\">Portaria GD\/026-2025 &#8211; FOB\/USP &#8211; 06 de junho de 2025<\/a><\/p>\n<p>Disp\u00f5e sobre a altera\u00e7\u00e3o de representa\u00e7\u00f5es &#8211; Divis\u00e3o Administrativa e dos Funcion\u00e1rios das Cl\u00ednicas de Fonoaudiologia da Faculdade de Odontologia de Bauru-USP (Altera a <a href=\"http:\/\/www.bauru.usp.br\/wp-content\/uploads\/Portaria_FOB_005-2025_Comissao_de_Biosseguranca-revoga_Portaria_GD-13-2022-1.pdf\" target=\"_blank\" rel=\"noopener\">Portaria GD\/005-2025\/FOB<\/a>).<\/p>\n<hr class=\"wp-block-separator\" \/>\n<p><a href=\"http:\/\/www.bauru.usp.br\/wp-content\/uploads\/Portaria_FOB_025-2025-Portaria-Centro_Cuidar.pdf\" target=\"_blank\" rel=\"noopener\">Portaria GD\/025-2025 &#8211; FOB\/USP &#8211; 09 de junho de 2025<\/a><\/p>\n<p>Regimento do Centro Cuidar: Centro Integrado de Cuidado \u00e0 Sa\u00fade Mental e Promo\u00e7\u00e3o de Bem-Viver Acad\u00eamico da USP Bauru.<\/p>\n<hr class=\"wp-block-separator\" \/>\n<p><a href=\"http:\/\/www.bauru.usp.br\/wp-content\/uploads\/Portaria_FOB_023-2025-CIPA.pdf\" target=\"_blank\" rel=\"noopener\">Portaria GD\/023-2025 &#8211; FOB\/USP &#8211; 02 de junho de 2025<\/a><\/p>\n<p>Disp\u00f5e sobre a composi\u00e7\u00e3o da Comiss\u00e3o Interna de Preven\u00e7\u00e3o de Acidentes e Ass\u00e9dio &#8211; CIPA+A, para o per\u00edodo: 02\/06\/2025 a 01\/06\/2026.<\/p>\n<hr class=\"wp-block-separator\" \/>\n<p><a href=\"http:\/\/www.bauru.usp.br\/wp-content\/uploads\/Portaria_FOB_020-2025-USP_Recicla.pdf\" target=\"_blank\" rel=\"noopener\">Portaria GD\/020-2025 &#8211; FOB\/USP &#8211; 28 de maio de 2025<\/a><\/p>\n<p>Disp\u00f5e sobre a inclus\u00e3o de um representante dos servidores t\u00e9cnicos administrativos na Comiss\u00e3o do Programa USP Recicla da Faculdade de Odontologia de Bauru &#8211; USP (altera a <a href=\"http:\/\/www.bauru.usp.br\/wp-content\/uploads\/Portaria_GD-033-2024-USP_RECICLA_2.pdf\" target=\"_blank\" rel=\"noopener\">Portaria GD\/033-2024-FOB<\/a>).<\/p>\n<hr class=\"wp-block-separator\" \/>\n<p><a href=\"http:\/\/www.bauru.usp.br\/wp-content\/uploads\/Portaria_FOB_017-2025-Comissao_SUS-substituicao_area_Fono.pdf\" target=\"_blank\" rel=\"noopener\">Portaria GD\/017-2025 &#8211; FOB\/USP &#8211; 13 de maio de 2025<\/a><\/p>\n<p>Disp\u00f5e sobre a substitui\u00e7\u00e3o de representante da \u00c1rea de Fonoaudiologia na Comiss\u00e3o Gestora do Conv\u00eanio SUS da Faculdade de Odontologia de Bauru da Universidade de S\u00e3o Paulo (FOB-USP) (altera a <a href=\"http:\/\/www.bauru.usp.br\/wp-content\/uploads\/Portaria_GD-020-2022-FOB_-_Comissao_Gestora_do_Convenio_SUS__revoga_Portaria_GD-016-2022_.pdf\" target=\"_blank\" rel=\"noopener\">Portaria GD\/020-2022\/FOB<\/a>).<\/p>\n<hr class=\"wp-block-separator\" \/>\n<p><a href=\"http:\/\/www.bauru.usp.br\/wp-content\/uploads\/Portaria_FOB_016-2025-Diarias.pdf\" target=\"_blank\" rel=\"noopener\">Portaria GD\/016-2025 &#8211; FOB\/USP &#8211; 15 de maio de 2025<\/a><\/p>\n<p>Disp\u00f5e sobre a concess\u00e3o de di\u00e1rias e passagens a\u00e9reas com recursos pr\u00f3prios da FOB para a participa\u00e7\u00e3o de docentes em eventos cient\u00edficos.<\/p>\n<hr class=\"wp-block-separator\" \/>\n<p><a href=\"http:\/\/www.bauru.usp.br\/wp-content\/uploads\/Portaria_FOB_015-2025-CATO-Vice-Coordenacao.pdf\" target=\"_blank\" rel=\"noopener\">Portaria GD\/015-2025 &#8211; FOB\/USP &#8211; 24 de abril de 2025<\/a><\/p>\n<p>Disp\u00f5e sobre a substitui\u00e7\u00e3o da Vice-Coordena\u00e7\u00e3o do Centro Avan\u00e7ado Translacional do Obeso (CATO) da Faculdade de Odontologia de Bauru da Universidade de S\u00e3o Paulo (FOB-USP) (altera a <a href=\"http:\/\/www.bauru.usp.br\/wp-content\/uploads\/Portaria_GD-056-2022-alteracao_vice-Coordenacao_CATO.pdf\" target=\"_blank\" rel=\"noopener\">Portaria GD\/056-2022\/FOB<\/a>).<\/p>\n<hr class=\"wp-block-separator\" \/>\n<p><a href=\"http:\/\/www.bauru.usp.br\/wp-content\/uploads\/Portaria_FOB_013-2025-Demanda_Compras_1.pdf\" target=\"_blank\" rel=\"noopener\">Portaria GD\/013-2025 &#8211; FOB\/USP &#8211; 01 de abril de 2025<\/a><\/p>\n<p>Disp\u00f5e sobre a designa\u00e7\u00e3o de servidores para assessorar na elabora\u00e7\u00e3o das demandas de compras da Faculdade de Odontologia de Bauru.<\/p>\n<hr class=\"wp-block-separator\" \/>\n<p><a href=\"http:\/\/www.bauru.usp.br\/wp-content\/uploads\/Portaria_FOB_008-2025-Claros_Docentes-revoga_a_Portaria_GD-061-2022.pdf\" target=\"_blank\" rel=\"noopener\">Portaria GD\/008-2025 &#8211; FOB\/USP &#8211; 28 de fevereiro de 2025<\/a><\/p>\n<p>Disp\u00f5e sobre a constitui\u00e7\u00e3o da Comiss\u00e3o Assessora do Conselho T\u00e9cnico Administrativo (CTA) e da Congrega\u00e7\u00e3o para aloca\u00e7\u00e3o de Claros Docentes na Faculdade de Odontologia de Bauru (revoga a <a href=\"http:\/\/www.bauru.usp.br\/wp-content\/uploads\/Portaria_GD-061-2022.pdf\" target=\"_blank\" rel=\"noopener\">Portaria GD\/061\/2022\/FOB<\/a>).<\/p>\n<hr class=\"wp-block-separator\" \/>\n<p><a href=\"http:\/\/www.bauru.usp.br\/wp-content\/uploads\/Portaria_FOB_007-2025_CRINT_revoga_a_Portaria_GD-22-2022.pdf\" target=\"_blank\" rel=\"noopener\">Portaria GD\/007-2025 &#8211; FOB\/USP &#8211; 19 de fevereiro de 2025<\/a><\/p>\n<p>Disp\u00f5e sobre a composi\u00e7\u00e3o dos membros da Comiss\u00e3o de Rela\u00e7\u00f5es Internacionais (CRInt) da Faculdade de Odontologia de Bauru da Universidade de S\u00e3o Paulo (Revoga a <a href=\"http:\/\/www.bauru.usp.br\/wp-content\/uploads\/Portaria_GD-022-2022_-_CRINT-1.pdf\" target=\"_blank\" rel=\"noopener\">Portaria GD\/022-2022\/FOB<\/a>).<\/p>\n<hr class=\"wp-block-separator\" \/>\n<p><a href=\"http:\/\/www.bauru.usp.br\/wp-content\/uploads\/Portaria_FOB_006-2025-TEA_com_anexo.pdf\" target=\"_blank\" rel=\"noopener\">Portaria GD\/006-2025 &#8211; FOB\/USP &#8211; 25 de fevereiro de 2025<\/a><\/p>\n<p>Disp\u00f5e sobre a composi\u00e7\u00e3o do Grupo de Trabalho para discutir Pol\u00edticas de Inclus\u00e3o das Pessoas com Transtorno do Espectro Autista (TEA) na Faculdade de Odontologia de Bauru da USP.<\/p>\n<hr class=\"wp-block-separator\" \/>\n<p><a href=\"http:\/\/www.bauru.usp.br\/wp-content\/uploads\/Portaria_FOB_005-2025_Comissao_de_Biosseguranca-revoga_Portaria_GD-13-2022-1.pdf\" target=\"_blank\" rel=\"noopener\">Portaria GD\/005-2025 &#8211; FOB\/USP<\/a> &#8211; 10 de fevereiro de 2025<\/p>\n<p>Disp\u00f5e sobre a composi\u00e7\u00e3o da Comiss\u00e3o de Biosseguran\u00e7a da Faculdade de Odontologia de Bauru-USP (Revoga a <a href=\"http:\/\/www.bauru.usp.br\/wp-content\/uploads\/Portaria_GD-013-2022-_Biosseguranca.pdf\" target=\"_blank\" rel=\"noopener\">Portaria GD\/013-2022\/FOB<\/a>).<\/p>\n<hr class=\"wp-block-separator\" \/>\n<p><a href=\"http:\/\/www.bauru.usp.br\/wp-content\/uploads\/Portaria_003-FOB_Diarias_2025.pdf\" target=\"_blank\" rel=\"noopener\">Portaria GD\/003-2025 &#8211; FOB\/USP<\/a> &#8211; 01 de janeiro de 2025<\/p>\n<p>Tabela para pagamento de di\u00e1rias \/ aux\u00edlio professor visitante<\/p>\n<p>&nbsp;<\/p>\n","protected":false},"excerpt":{"rendered":"<p>Portaria GD\/042-2025 &#8211; FOB\/USP &#8211; 19 de setembro de 2025<br \/>\nDisp\u00f5e sobre a designa\u00e7\u00e3o do(a) Coordenador(a) e do(a) Vice-Coordenador(a) do Centro de Ensino, Pesquisa, Assist\u00eancia e Reabilita\u00e7\u00e3o em Fonoaudiologia, do Departamento de Fonoaudiologia da Faculdade de Odontologia de Bauru da Universidade de S\u00e3o Paulo.<\/p>\n<p>Portaria GD\/041-2025 &#8211; FOB\/USP &#8211; 19 de setembro de 2025<br \/>\nCria o Centro de [&#8230;]<\/p>\n","protected":false},"author":4,"featured_media":0,"parent":134,"menu_order":0,"comment_status":"closed","ping_status":"closed","template":"","meta":{"_links_to":"","_links_to_target":""},"_links":{"self":[{"href":"https:\/\/www.bauru.usp.br\/index.php?rest_route=\/wp\/v2\/pages\/14375"}],"collection":[{"href":"https:\/\/www.bauru.usp.br\/index.php?rest_route=\/wp\/v2\/pages"}],"about":[{"href":"https:\/\/www.bauru.usp.br\/index.php?rest_route=\/wp\/v2\/types\/page"}],"author":[{"embeddable":true,"href":"https:\/\/www.bauru.usp.br\/index.php?rest_route=\/wp\/v2\/users\/4"}],"replies":[{"embeddable":true,"href":"https:\/\/www.bauru.usp.br\/index.php?rest_route=%2Fwp%2Fv2%2Fcomments&post=14375"}],"version-history":[{"count":26,"href":"https:\/\/www.bauru.usp.br\/index.php?rest_route=\/wp\/v2\/pages\/14375\/revisions"}],"predecessor-version":[{"id":17435,"href":"https:\/\/www.bauru.usp.br\/index.php?rest_route=\/wp\/v2\/pages\/14375\/revisions\/17435"}],"up":[{"embeddable":true,"href":"https:\/\/www.bauru.usp.br\/index.php?rest_route=\/wp\/v2\/pages\/134"}],"wp:attachment":[{"href":"https:\/\/www.bauru.usp.br\/index.php?rest_route=%2Fwp%2Fv2%2Fmedia&parent=14375"}],"curies":[{"name":"wp","href":"https:\/\/api.w.org\/{rel}","templated":true}]}}